{"id":1272,"date":"2014-06-04T16:52:30","date_gmt":"2014-06-04T16:52:30","guid":{"rendered":"http:\/\/svbb.smuemd.de\/?page_id=1272"},"modified":"2019-03-05T19:49:54","modified_gmt":"2019-03-05T17:49:54","slug":"auszeichnungen","status":"publish","type":"page","link":"https:\/\/solarverein-berlin.de\/?page_id=1272","title":{"rendered":"Auszeichnungen &#038; Sponsoren"},"content":{"rendered":"<h4>Wir danken f\u00fcr die j\u00e4hrliche Unterst\u00fctzung!<\/h4>\n<p>Seit 2004 bekommen wir Unterst\u00fctzung durch die Vermittlung von Michael Cramer, MdEP, von<\/p>\n<h4><img loading=\"lazy\" decoding=\"async\" class=\"size-medium wp-image-1325 alignleft\" src=\"https:\/\/solarverein-berlin.de\/wp-content\/uploads\/2014\/06\/greens-efa-260x43.gif\" alt=\"greens-efa\" width=\"260\" height=\"43\" \/><\/h4>\n<h4><\/h4>\n<p>&nbsp;<\/p>\n<p>&nbsp;<\/p>\n<p>&nbsp;<\/p>\n<h4>20. Mai 2010<br \/>\nVerleihung \u201eEhrenamtlerin des Monats\u201c<\/h4>\n<h5>Die Vorsitzende des Solarvereins Berlin-Brandenburg, Claudia Pirch-Masloch, wurde am 20.05.2010 als \u201eEhrenamtlerin des Monats\u201c Mai 2010 in Brandenburg ausgezeichnet.<\/h5>\n<p><a href=\"https:\/\/solarverein-berlin.de\/wp-content\/uploads\/2011\/03\/Ehreamt-2010-b.jpg\"><img loading=\"lazy\" decoding=\"async\" src=\"https:\/\/solarverein-berlin.de\/wp-content\/uploads\/2011\/03\/Ehreamt-2010-b-260x173.jpg\" alt=\"Ehreamt 2010 b\" width=\"260\" height=\"173\" class=\"alignnone size-medium wp-image-994\" srcset=\"https:\/\/solarverein-berlin.de\/wp-content\/uploads\/2011\/03\/Ehreamt-2010-b-260x173.jpg 260w, https:\/\/solarverein-berlin.de\/wp-content\/uploads\/2011\/03\/Ehreamt-2010-b-640x426.jpg 640w, https:\/\/solarverein-berlin.de\/wp-content\/uploads\/2011\/03\/Ehreamt-2010-b.jpg 1024w\" sizes=\"auto, (max-width: 260px) 100vw, 260px\" \/><\/a><\/p>\n<p>Die Landesregierung praktiziert die Anerkennung \u201eEhrenamtler des Monats\u201c seit September 2007. Sie reagierte damit auf eine Bitte von ehrenamtlich Engagierten, die Anerkennungskultur im Land zu verbessern. Die Ehrung nimmt der Chef der Staatskanzlei, Staatssekret\u00e4r Albrecht Gerber, vor. Den w\u00fcrdigen Rahmen hierf\u00fcr bietet das Gutshaus \u201eSchloss Vichel\u201c, welches &#8211; auch durch einen erheblichen Teil an ehrenamtlicher Arbeit \u2013 St\u00fcck f\u00fcr St\u00fcck wieder einer Nutzung zugef\u00fchrt wird.<\/p>\n<p>Frau Pirch-Masloch ist seit der Gr\u00fcndung im August 2003 Vorsitzende des Solarvereins Berlin-Brandenburg e.V. Die 58-J\u00e4hrige wird f\u00fcr ihr Engagement f\u00fcr die Verbreitung der Idee \u201eB\u00fcrgersolaranlage\u201c geehrt. Neben der Verwirklichung eigener B\u00fcrger-Solaranlagen hat die Verbreitung der Idee \u201eB\u00fcrgersolaranlage\u201c einen gro\u00dfen Stellenwert. Frau Pirch-Masloch hat unz\u00e4hlige Initiativen in und au\u00dferhalb Brandenburgs beraten und \u00fcber die ersten H\u00fcrden zum Aufbau \u201eeigener\u201c B\u00fcrgersolaranlagen verholfen. Ungef\u00e4hr 30 &#8211; 40 Anlagen stehen inzwischen in Brandenburg oder sind in der Planung. An jeder Anlage sind circa 40 Menschen beteiligt \u2013 jeder der Beteiligten gibt im Schneeballsystem sein Wissen und Engagement weiter.<\/p>\n<h4><\/h4>\n<h4>22. Septtember 2006<\/h4>\n<h4>3. Preis bei den &#8222;20 Guten Ideen&#8220;<\/h4>\n<p>Der Solarverein freut sich \u00fcber den mit 200 EUR dotierten 3. Preis bei den &#8222;20 Guten Ideen&#8220;, die am 22. September 2006 anl\u00e4sslich der Woche der Zukunftsf\u00e4higkeit von der Gr\u00fcnen Liga Berlin ausgezeichnet wurden. Zum Markt der M\u00f6glichkeiten im Innenhof der Kalkscheune hinter dem Friedrichstadtpalast waren die Initiatoren zahlreicher Agenda 21-Projekte erschienen. Im Bild der Gesch\u00e4ftsf\u00fchrer der Gr\u00fcnen Liga, Stefan Richter (rechts) mit der Staatssekret\u00e4rin in der Senatsverwaltung f\u00fcr Stadtentwicklung Hella Dunger-Loeper und vom Solarverein die Vorsitzende Claudia Pirch-Masloch (links) mit Vorstandsmitglied J\u00fcrgen H\u00fcbner-Kosney, dem Initiator des Projekts Nachbar-Solaranlagen.<a href=\"https:\/\/solarverein-berlin.de\/wp-content\/uploads\/2014\/06\/Gruene-Liga-2006a-e1403705034384.jpg\"><img loading=\"lazy\" decoding=\"async\" class=\"alignleft wp-image-1316 size-medium\" src=\"http:\/\/svbb.smuemd.de\/wp-content\/uploads\/2014\/06\/Gruene-Liga-2006a-260x346.jpg\" alt=\"OLYMPUS DIGITAL CAMERA\" width=\"260\" height=\"346\" \/><\/a><\/p>\n<p>&nbsp;<\/p>\n<p><a href=\"https:\/\/solarverein-berlin.de\/wp-content\/uploads\/2014\/06\/Gruene-Liga-2006a-e1403705034384.jpg\"><img loading=\"lazy\" decoding=\"async\" class=\"alignnone wp-image-1317\" src=\"https:\/\/solarverein-berlin.de\/wp-content\/uploads\/2014\/06\/Gruene-Liga-2006b-260x194.jpg\" alt=\"OLYMPUS DIGITAL CAMERA\" width=\"260\" height=\"194\" srcset=\"https:\/\/solarverein-berlin.de\/wp-content\/uploads\/2014\/06\/Gruene-Liga-2006b-260x194.jpg 260w, https:\/\/solarverein-berlin.de\/wp-content\/uploads\/2014\/06\/Gruene-Liga-2006b-640x478.jpg 640w, https:\/\/solarverein-berlin.de\/wp-content\/uploads\/2014\/06\/Gruene-Liga-2006b.jpg 1024w\" sizes=\"auto, (max-width: 260px) 100vw, 260px\" \/><\/a><\/p>\n<p><em><span style=\"color: #0000ff; font-family: Arial; font-size: small;\">\u00a0<\/span><\/em><\/p>\n<p>&nbsp;<\/p>\n<p>&nbsp;<\/p>\n<h4>\u00a024.10.2005<\/h4>\n<h4>Umweltpreis f\u00fcr ehrenamtliches Engagement des Solarvereins Berlin e.V.<\/h4>\n<p>Gro\u00dfe Freude f\u00fcr alle Mitglieder und MitarbeiterInnen: Der Solarverein Berlin e.V. erhielt\u00a0 f\u00fcr sein Umweltengagement am 24. Oktober 2005 den Berliner Umweltpreis des BUND Landesverbands Berlin &#8211; hier mit dem Vereinsvorstand, weiteren Preistr\u00e4gern und der Senatorin f\u00fcr Stadtentwicklung, Frau Ingeborg Junge-Reyer (1.v.l.), die die Laudatio hielt.<\/p>\n<p>&nbsp;<\/p>\n<p><img loading=\"lazy\" decoding=\"async\" src=\"http:\/\/www.solarverein-berlin.de\/Bilder\/BUND-Preis2.jpg\" alt=\"\" width=\"286\" height=\"190\" border=\"0\" \/>\u00a0\u00a0\u00a0 <img loading=\"lazy\" decoding=\"async\" src=\"http:\/\/www.solarverein-berlin.de\/Bilder\/BUND-Preis1.jpg\" alt=\"\" width=\"271\" height=\"190\" border=\"0\" \/><\/p>\n<p><img loading=\"lazy\" decoding=\"async\" src=\"http:\/\/www.solarverein-berlin.de\/Bilder\/Vorstand.jpg\" alt=\"\" width=\"283\" height=\"188\" border=\"0\" \/>\u00a0\u00a0\u00a0 \u00a0<img loading=\"lazy\" decoding=\"async\" src=\"http:\/\/www.solarverein-berlin.de\/Bilder\/BUND-Preis.jpg\" alt=\"\" width=\"283\" height=\"161\" border=\"0\" \/><\/p>\n<p>&nbsp;<\/p>\n<p>21.05.2004<\/p>\n<h4>Der Solarverein wird &#8222;Klimaschutzpartner&#8220;<\/h4>\n<p><a href=\"https:\/\/solarverein-berlin.de\/wp-content\/uploads\/2014\/06\/Klimaschutzpartner-2004.jpg\"><img loading=\"lazy\" decoding=\"async\" class=\"aligncenter wp-image-1320 size-large\" src=\"https:\/\/solarverein-berlin.de\/wp-content\/uploads\/2014\/06\/Klimaschutzpartner-2004-640x482.jpg\" alt=\"OLYMPUS DIGITAL CAMERA\" width=\"640\" height=\"482\" srcset=\"https:\/\/solarverein-berlin.de\/wp-content\/uploads\/2014\/06\/Klimaschutzpartner-2004-640x482.jpg 640w, https:\/\/solarverein-berlin.de\/wp-content\/uploads\/2014\/06\/Klimaschutzpartner-2004-260x196.jpg 260w, https:\/\/solarverein-berlin.de\/wp-content\/uploads\/2014\/06\/Klimaschutzpartner-2004.jpg 1024w\" sizes=\"auto, (max-width: 640px) 100vw, 640px\" \/><\/a><\/p>\n<p>&nbsp;<\/p>\n<h4>Vorstellung des Vereins auf der Bundeskonferenz Regionale Solarinitiativen am 2.\/3. April 2004 in Berlin<\/h4>\n<p>Der Bundesverband Solarindustrie veranstaltete gemeinsam mit dem Bundesumweltministerium am 2.\/3. April 2004 die Bundeskonferenz Regionale Solarinitiativen in Berlin. Der Solarverein war eingeladen, sich mit einem halbst\u00fcndigen Wortbeitrag zu beteiligen. Die Konferenz richtete sich an alle Akteure, die in Solarinitiativen engagiert sind. Ziel wart es, den lokalen und regionalen Solarinitiativen eine Plattform f\u00fcr die Pr\u00e4sentation und den Erfahrungsaustausch sowie die Bildung von Netzwerken zu<br \/>\nbieten.<\/p>\n<p>Das Foto, wie der Solarverein am 23.01.2004 bei der Einweihungsfeier zur ersten B\u00fcrgersolaranlage den \u201eroten Knopf\u201c dr\u00fcckt, schm\u00fcckte die <strong>Titelseite<\/strong> <strong>des Tagungsbandes<\/strong>!<\/p>\n<p>Der sehr hohe Teilnahmebetrag f\u00fcr die Tagung wurde von uns in einem Schreiben kritisiert. Daraufhin hat man den Betrag f\u00fcr Referenten und Posterersteller auf Null gesenkt und wollte den sehr hohen Preis f\u00fcr andere Teilnehmer von 100 Euro verringern. Schlie\u00dflich sollen viele sonnenenergische Menschen dort zusammenkommen und nicht durch hohe Beitr\u00e4ge abgeschreckt werden!<\/p>\n<p>&nbsp;<\/p>\n<h4>F\u00f6rderung<\/h4>\n<p>Im Januar 2004 wurde ein <strong>F\u00f6rderantrag<\/strong> f\u00fcr die weitere Arbeit des Solarvereins beim E.ON-Fond (Energiefonds Berlin f\u00fcr erneuerbare Energien) eingereicht mit einer beantragten F\u00f6rdersumme von 19.700 Euro. Dem Antrag wurde im Dezember 2004 stattgegeben.<\/p>\n","protected":false},"excerpt":{"rendered":"<p>Wir danken f\u00fcr die j\u00e4hrliche Unterst\u00fctzung! Seit 2004 bekommen wir Unterst\u00fctzung durch die Vermittlung von Michael Cramer, MdEP, von &nbsp; &nbsp; &nbsp; 20. Mai 2010 Verleihung \u201eEhrenamtlerin des Monats\u201c Die Vorsitzende des Solarvereins Berlin-Brandenburg, Claudia Pirch-Masloch, wurde am 20.05.2010 als <a class=\"read-more\" href=\"https:\/\/solarverein-berlin.de\/?page_id=1272\">&hellip; Weiterlesen &rarr;<\/a><\/p>\n","protected":false},"author":2,"featured_media":0,"parent":38,"menu_order":0,"comment_status":"closed","ping_status":"closed","template":"page-templates\/left-nav-page.php","meta":{"footnotes":""},"class_list":["post-1272","page","type-page","status-publish","hentry"],"_links":{"self":[{"href":"https:\/\/solarverein-berlin.de\/index.php?rest_route=\/wp\/v2\/pages\/1272","targetHints":{"allow":["GET"]}}],"collection":[{"href":"https:\/\/solarverein-berlin.de\/index.php?rest_route=\/wp\/v2\/pages"}],"about":[{"href":"https:\/\/solarverein-berlin.de\/index.php?rest_route=\/wp\/v2\/types\/page"}],"author":[{"embeddable":true,"href":"https:\/\/solarverein-berlin.de\/index.php?rest_route=\/wp\/v2\/users\/2"}],"replies":[{"embeddable":true,"href":"https:\/\/solarverein-berlin.de\/index.php?rest_route=%2Fwp%2Fv2%2Fcomments&post=1272"}],"version-history":[{"count":1,"href":"https:\/\/solarverein-berlin.de\/index.php?rest_route=\/wp\/v2\/pages\/1272\/revisions"}],"predecessor-version":[{"id":1803,"href":"https:\/\/solarverein-berlin.de\/index.php?rest_route=\/wp\/v2\/pages\/1272\/revisions\/1803"}],"up":[{"embeddable":true,"href":"https:\/\/solarverein-berlin.de\/index.php?rest_route=\/wp\/v2\/pages\/38"}],"wp:attachment":[{"href":"https:\/\/solarverein-berlin.de\/index.php?rest_route=%2Fwp%2Fv2%2Fmedia&parent=1272"}],"curies":[{"name":"wp","href":"https:\/\/api.w.org\/{rel}","templated":true}]}}