{"id":148,"date":"2013-02-12T20:04:19","date_gmt":"2013-02-12T20:04:19","guid":{"rendered":"http:\/\/mysparky.org\/solarverein\/?page_id=148"},"modified":"2013-02-12T20:04:19","modified_gmt":"2013-02-12T20:04:19","slug":"unsere-profis","status":"publish","type":"page","link":"https:\/\/solarverein-berlin.de\/?page_id=148","title":{"rendered":"Unsere Profis"},"content":{"rendered":"<h5 class=\"subheader\">Oft werden wir gefragt, wer unsere Anlagen geplant und errichtet hat, wer sie wartet und wer uns die Steuererkl\u00e4rung verfasst. Gerne geben wir die Daten weiter &#8211; und bedanken uns an dieser Stelle f\u00fcr die gute Zusammenarbeit!<\/h5>\n<h4>Bumiller Neue Energien GmbH<\/h4>\n<p><img loading=\"lazy\" decoding=\"async\" class=\"alignleft size-full wp-image-1148\" style=\"margin-bottom: 50px;\" alt=\"Bumiller\" src=\"https:\/\/solarverein-berlin.de\/wp-content\/uploads\/2013\/02\/Bumiller1.jpg\" width=\"113\" height=\"152\" \/><\/p>\n<h5 class=\"subheader\">Der Installationsbetrieb f\u00fcr unsere neun B\u00fcrgersolaranlagen.<\/h5>\n<p>Henrik Bumiller \u2013 Solartechnik, Beratung, Planung, Vertrieb und Installation von\u00a0Photovoltaik- und solarthermischen Anlagen<\/p>\n<address>Grossbeerenstrasse 13a, 10963 Berlin,<\/address>\n<address>\nTel 030-2175 2341,<br \/>\nFax 030-2175 2345<br \/>\nE-Mail info@bumiller-gmbh.de<br \/>\nhttp:\/\/www.bumiller-gmbh.de<\/address>\n<hr \/>\n<h4>ASCARDIA\u00ae Solar GmbH<\/h4>\n<h5 class=\"subheader\"><img loading=\"lazy\" decoding=\"async\" class=\"alignleft  wp-image-1151\" style=\"margin-bottom: 100px;\" alt=\"Ascardia\" src=\"https:\/\/solarverein-berlin.de\/wp-content\/uploads\/2013\/02\/Ascardia1.jpg\" width=\"113\" height=\"36\" \/><\/h5>\n<h5 class=\"subheader\">Die ASCARDIA\u00ae Solar GmbH betreut unsere B\u00fcrgersolaranlagen.<\/h5>\n<address>Eggersdorfer Str. 116, 15370 Petershagen b. Berlin,<\/address>\n<address>\u00a0<\/address>\n<address>Tel (033439) 14 54 80,<br \/>\nFax (033439) 14 54 81<br \/>\nE-Mail info@ascardia.com<br \/>\nInternet www.ascardia.com<\/address>\n<hr \/>\n<h4>Calo &amp; Flimm, Steuerberatung<\/h4>\n<p><img loading=\"lazy\" decoding=\"async\" class=\"alignleft size-full wp-image-1153\" style=\"margin-bottom: 50px;\" alt=\"Calo\" src=\"https:\/\/solarverein-berlin.de\/wp-content\/uploads\/2013\/02\/Calo1.jpg\" width=\"113\" height=\"147\" \/><\/p>\n<h5 class=\"subheader\">Gabriele Calo ist Mitglied \u00a0und Steuerberaterin. Sie erledigt die j\u00e4hrlichen Steuererkl\u00e4rungen f\u00fcr unsere 9 B\u00fcrgersolaranlagen<\/h5>\n<p>Calo &amp; Flimm, Steuerberatung, Beratung der Unternehmensleitung (Wirtschaftlichkeit, Existenzgr\u00fcndung, Sanierung, Bewertung, \u00dcbertragung)<\/p>\n<address>Am Borsigturm 9, 13507 Berlin,<\/address>\n<address>Tel 030 4303 7440,<br \/>\nFax 030 4303 7444<br \/>\nEmail mail@steuerberater-calo-flimm.de<br \/>\nInternet http:\/\/www.steuerberater-calo-flimm.de<\/address>\n","protected":false},"excerpt":{"rendered":"<p>Oft werden wir gefragt, wer unsere Anlagen geplant und errichtet hat, wer sie wartet und wer uns die Steuererkl\u00e4rung verfasst. Gerne geben wir die Daten weiter &#8211; und bedanken uns an dieser Stelle f\u00fcr die gute Zusammenarbeit! Bumiller Neue Energien <a class=\"read-more\" href=\"https:\/\/solarverein-berlin.de\/?page_id=148\">&hellip; Weiterlesen &rarr;<\/a><\/p>\n","protected":false},"author":2,"featured_media":0,"parent":29,"menu_order":3,"comment_status":"closed","ping_status":"closed","template":"page-templates\/left-nav-page.php","meta":{"footnotes":""},"class_list":["post-148","page","type-page","status-publish","hentry"],"_links":{"self":[{"href":"https:\/\/solarverein-berlin.de\/index.php?rest_route=\/wp\/v2\/pages\/148","targetHints":{"allow":["GET"]}}],"collection":[{"href":"https:\/\/solarverein-berlin.de\/index.php?rest_route=\/wp\/v2\/pages"}],"about":[{"href":"https:\/\/solarverein-berlin.de\/index.php?rest_route=\/wp\/v2\/types\/page"}],"author":[{"embeddable":true,"href":"https:\/\/solarverein-berlin.de\/index.php?rest_route=\/wp\/v2\/users\/2"}],"replies":[{"embeddable":true,"href":"https:\/\/solarverein-berlin.de\/index.php?rest_route=%2Fwp%2Fv2%2Fcomments&post=148"}],"version-history":[{"count":0,"href":"https:\/\/solarverein-berlin.de\/index.php?rest_route=\/wp\/v2\/pages\/148\/revisions"}],"up":[{"embeddable":true,"href":"https:\/\/solarverein-berlin.de\/index.php?rest_route=\/wp\/v2\/pages\/29"}],"wp:attachment":[{"href":"https:\/\/solarverein-berlin.de\/index.php?rest_route=%2Fwp%2Fv2%2Fmedia&parent=148"}],"curies":[{"name":"wp","href":"https:\/\/api.w.org\/{rel}","templated":true}]}}